 f + 7. Let v be t(-6). Let j be v/3*3*2. Let b = 1 + j. What is the remainder when 8 is divided by b?
2
Suppose -i = 5*y - 62, -5*y = -4*i + 326 - 28. Calculate the remainder when i is divided by 15.
12
Let t = 18 + -11. Let n(v) = -v**3 + 9*v**2 - 9*v + 2. What is the remainder when n(t) is divided by 13?
11
Let a(k) = -k**3 - 3*k**2 - k - 3. Let c be 2 + (35 - -1)/(-3). Let z = 6 + c. What is the remainder when a(z) is divided by 9?
8
What is the remainder when ((-4)/(-6))/((-6)/(-162)) is divided by 7?
4
Let l = -32 + 71. Let g(o) = o**2 + 20. What is the remainder when l is divided by g(0)?
19
Let g be (1 + -3)/((-12)/150). Suppose -b + 3*o + 5 = 0, 2*b - 4*o = -b + g. What is the remainder when b is divided by 7?
4
Let b = 23 + 3. Calculate the remainder when b is divided by 9.
8
Let y(v) = v**3 - 6*v**2 + 8*v - 5. Suppose 2*u + 5 - 15 = 0. Calculate the remainder when 28 is divided by y(u).
8
Suppose j + 3 = -5*r, 2*r - 3*j - 6 = -j. Suppose y + r = 2. Calculate the remainder when 32 is divided by (-9 - y)*-1*1.
10
Suppose 46 = r - 3*r. Let a = -14 - r. Let j(m) = 5*m - 14. What is the remainder when j(8) is divided by a?
8
Suppose 32 = i + 3*i. Let k = 42 - 29. Calculate the remainder when k is divided by i.
5
Suppose 0*s = 3*s + 3, 0 = 2*a - 5*s - 11. Let h(g) = 4 + 3 + g**2 - 11. Calculate the remainder when h(a) is divided by 2.
1
Suppose r - 122 = -3*u + 2*r, 4 = -2*r. Suppose -5*x + 5*c + 80 = 0, 3*x - 4*c = 23 + 27. Calculate the remainder when u is divided by x.
12
Suppose 0 = -2*a - 73 + 205. Let x = -11 - -15. Suppose x*p - p = a. What is the remainder when p is divided by 8?
6
Suppose 5*i = 5*f + 160, 9*f = 6*f + 12. What is the remainder when i is divided by 19?
17
Suppose 5*n + 15 = 4*n - 5*v, -5*n - 2*v + 17 = 0. Calculate the remainder when 18 is divided by n.
3
Suppose -j + 0 + 4 = 0. What is the remainder when 11 is divided by j?
3
Let k(b) = b**3 + 5*b**2 - 7*b - 4. Let o be k(-6). Suppose -7*c + 9 - o = 0. Calculate the remainder when 2 is divided by c.
0
Let z(o) = 3 - 5 - 6*o + 6 + 6*o**2. Let x(k) = -7*k**2 + 7*k - 5. Let u(l) = 5*x(l) + 6*z(l). Calculate the remainder when 32 is divided by u(-3).
10
Let n = 30 - 11. What is the remainder when n is divided by (1/(-1))/(2/(-14))?
5
Suppose -5*i + 5 + 5 = 0. Suppose 5*d = 25, -2*d = -5*c + i*c + 92. Calculate the remainder when c is divided by 12.
10
Suppose 3*i = 4*s - 14, -5*i - s = -3*s + 14. Suppose 3*l - 25 = 2. Let r = l + i. Calculate the remainder when r is divided by 3.
1
Let k be (1 - 3)/(4/(-16)). Let h = -7 + k. Calculate the remainder when 21 is divided by 9 + (0 - (-2)/h).
10
Calculate the remainder when 19 - 9/(-12)*-4 is divided by 9.
7
Let y(k) = 2*k - k - k**2 + 9 + 6*k. Calculate the remainder when 2 is divided by y(8).
0
Suppose -q - 5*r = -68, -r = -0*r - 3. Let k(u) = 5*u**3 - u**2 - 1. Let b be k(-2). Let i = -27 - b. Calculate the remainder when q is divided by i.
17
Let y(r) = 19*r**2 - 4*r + 6. Let o be y(4). Calculate the remainder when 28 is divided by o/30 - (-2)/10.
8
Let i(r) = r**3 - 11*r**2 + 11*r - 9. Let v be i(10). Let q be 2 + 2 + 1 + 0. Calculate the remainder when 9 is divided by v/1*1*q.
4
Calculate the remainder when -1*((-160 - (-4 + 3)) + 0) is divided by 8.
7
Calculate the remainder when 1 - (-1 - 0)*61 is divided by 21.
20
Suppose 5*p + 15 = 5*v, 2 = -4*p + 3*v - 10. Let m = 6 + p. Suppose -22 - 5 = -m*x. What is the remainder when 17 is divided by x?
8
Let y = -14 - -29. Calculate the remainder when (-172)/6*6/(-4) is divided by y.
13
Let i(r) = -23*r**3 - 2*r**2 + r + 2. What is the remainder when 85 is divided by i(-1)?
19
Let u = -11 + 32. Let b be 1 + (-3)/(-6)*-134. What is the remainder when u is divided by (-12)/18*b/4?
10
Let b(w) = 3*w - 23. Calculate the remainder when 4 is divided by b(9).
0
Let z be ((-31)/(-3))/((-2)/6). Let c = -9 - z. Calculate the remainder when c/2 + 1 - 0 is divided by 7.
5
Let j(l) = 2*l**2 + 8*l + 3. What is the remainder when j(-5) is divided by 5?
3
Let i(t) = t**3 + 2*t**2 - 3*t + 2. Let a be i(-3). Let o be 3 - (0 + a/2). Calculate the remainder when 47/7 - o/(-7) is divided by 3.
1
Let i be 17/(-2)*(7 - 5). Let k = -9 - i. What is the remainder when k is divided by 6?
2
Let p(z) = -z**2 - 11*z - 6. Calculate the remainder when 85 is divided by p(-4).
19
Let k(t) = -t**3 - 4*t**2 + 2*t - 1. Let b be k(-4). Calculate the remainder when (-353)/b - 2/9 is divided by 20.
19
Let q = -16 - -40. Let y(m) = m**3 + 4*m**2 - m - 1. What is the remainder when q is divided by y(-2)?
6
Suppose -22 = -8*a + 3*a + 4*h, -3*a + 2*h = -12. Suppose 5*x = -2*p + 18 - 67, -25 = 5*x. Let k = p + 17. Calculate the remainder when k is divided by a.
1
Let p(o) = -o + 11 + 3 - 7. What is the remainder when p(0) is divided by 2?
1
Let j(r) be the second derivative of -r**3/6 + 29*r**2/2 - 3*r. Calculate the remainder when j(12) is divided by 7.
3
Suppose -2*w + 35 = 7. Let z = w - 1. Suppose 2*d - z = 37. Calculate the remainder when d is divided by 9.
7
Suppose -5*j - 2 = -2*w, -4*j + 3 - 5 = -2*w. Calculate the remainder when 41 is divided by (2/w)/(3/21).
13
Let r = 24 - -5. Let p = r - 17. Calculate the remainder when 47 is divided by p.
11
Let c = -13 - -15. Suppose -5*j + j = -5*f + 22, c*j - 4 = -5*f. What is the remainder when 5 is divided by f?
1
Suppose 6*t + 18 - 246 = 0. What is the remainder when 227 is divided by t?
37
Let b be 2*2/(8/(-138)). Let x be b/2*(-24)/9. Suppose 5*v - x = -4*f - 0*f, 4*f + 108 = 5*v. Calculate the remainder when v is divided by 11.
9
Let q(g) = -3*g - 4. Let c(h) = h**2 - 7*h + 7. Let w be c(5). Calculate the remainder when (-2)/(-6) - 44/w is divided by q(-4).
7
Let h(g) = g**3 + 5*g**2 + 4*g. Let z be h(-3). Calculate the remainder when 78 is divided by (z/9)/(4/162).
24
Suppose 4*d = 5*q + 247, 2*d = 3*q + 16 + 109. Let g = 155 - 111. Suppose -4*t - g = -124. What is the remainder when d is divided by t?
18
Suppose -217 = -2*w + 3*y, 0*y - y - 219 = -2*w. Suppose -5*h + w = -60. What is the remainder when h is divided by 9?
7
Suppose -y + 435 = 4*y. Calculate the remainder when y is divided by 18.
15
Let u = -2 + 2. Suppose 0 = -4*j, 3*j - 160 = -3*w - 2*w. Calculate the remainder when w is divided by -1 - -12 - u/(-1).
10
Let q = 31 + -15. Suppose -4*a + q = s - 5*s, -3*a + 8 = -2*s. Calculate the remainder when (-147)/2*s/6 is divided by 17.
15
Calculate the remainder when (-168)/(-6) - -1*4 is divided by 17.
15
Let p = 19 - 12. What is the remainder when 67 is divided by p?
4
Let d = -2 + 10. Let t be -1 + 1/(-1) - 3. Let p = 10 - t. What is the remainder when p is divided by d?
7
Suppose 0 = -4*s + 3*b + 25 + 11, -36 = -4*s + 5*b. Let t = 13 - s. What is the remainder when 6 is divided by t?
2
Let l = -14 - -26. Let b(f) = 4*f**3 + f**2 - 1. Let x be b(1). What is the remainder when x/(-18) - 600/(-27) is divided by l?
10
Suppose 12 = -2*f + 4*j, -5*f + 6*f = -2*j + 10. Suppose -c + f*c = 79. Suppose -4*g - 3*w = -c, 3*w - 5 = -2*w. What is the remainder when g is divided by 7?
5
Let n(k) = 7*k + 7. What is the remainder when n(6) is divided by 26?
23
Suppose c = -5, 3*o = 6*o - c - 86. Suppose -n = -3*v + 4, -3*n - 2*v = v + 36. Calculate the remainder when o is divided by 4/n + 156/15.
7
Let p = 56 - 36. What is the remainder when 34 is divided by p?
14
Let l = 116 + -79. What is the remainder when l is divided by 20?
17
Let u = 83 - 44. Calculate the remainder when u is divided by 11.
6
Suppose 32 - 64 = -t. What is the remainder when t is divided by 7?
4
Let y = 119 + -32. What is the remainder when y is divided by 22?
21
Let j be 12/10*(-10)/(-4). Suppose -j*f = -2*f - 7. Calculate the remainder when 18 is divided by f.
4
Let w(x) = -x**3 + 13*x**2 - 15*x - 13. Let g be w(11). Suppose -24 - g = -4*u. Calculate the remainder when u is divided by (36/15)/(1/5).
10
Let x(w) = 13*w**3 - 2*w + 1. Let p be x(1). Suppose 0*m = -3*m + p. Calculate the remainder when 5 is divided by m.
1
Let m = -4 + 19. Calculate the remainder when (4 + 4 + -4)*27/4 is divided by m.
12
Suppose 0*s - 3*s + 66 = 0. Suppose -91 - 119 = -5*h. What is the remainder when h is divided by s?
20
Suppose 4*t = t + 5*s + 532, 3*s + 876 = 5*t. Let v = -24 - -44. Calculate the remainder 